{"id":595,"date":"2023-09-11T12:18:43","date_gmt":"2023-09-11T12:18:43","guid":{"rendered":"https:\/\/laprovincedumaine.fr\/?page_id=595"},"modified":"2023-09-14T09:43:38","modified_gmt":"2023-09-14T09:43:38","slug":"publication","status":"publish","type":"page","link":"https:\/\/laprovincedumaine.fr\/index.php\/publication\/","title":{"rendered":"Publication"},"content":{"rendered":"\n<h1 class=\"wp-block-heading has-text-align-center\">Publication<\/h1>\n\n\n\n<div class=\"wp-block-cover alignfull\" style=\"min-height:350px;aspect-ratio:unset;\"><span aria-hidden=\"true\" class=\"wp-block-cover__background has-ast-global-color-5-background-color has-background-dim-60 has-background-dim\"><\/span><img loading=\"lazy\" decoding=\"async\" width=\"1000\" height=\"748\" class=\"wp-block-cover__image-background wp-image-793\" alt=\"\" src=\"https:\/\/laprovincedumaine.fr\/wp-content\/uploads\/2023\/09\/page-de-livre-pour-page-publication-2-rotated-e1694684586174.jpg\" style=\"object-position:50% 50%\" data-object-fit=\"cover\" data-object-position=\"50% 50%\" srcset=\"https:\/\/laprovincedumaine.fr\/wp-content\/uploads\/2023\/09\/page-de-livre-pour-page-publication-2-rotated-e1694684586174.jpg 1000w, https:\/\/laprovincedumaine.fr\/wp-content\/uploads\/2023\/09\/page-de-livre-pour-page-publication-2-rotated-e1694684586174-300x224.jpg 300w, https:\/\/laprovincedumaine.fr\/wp-content\/uploads\/2023\/09\/page-de-livre-pour-page-publication-2-rotated-e1694684586174-768x574.jpg 768w\" sizes=\"auto, (max-width: 1000px) 100vw, 1000px\" \/><div class=\"wp-block-cover__inner-container is-layout-flow wp-block-cover-is-layout-flow\">\n<div class=\"inherit-container-width wp-block-group is-layout-constrained wp-block-group-is-layout-constrained\">\n<h3 class=\"wp-block-heading has-text-align-center\"><mark style=\"background-color:rgba(0, 0, 0, 0)\" class=\"has-inline-color has-ast-global-color-2-color\">Retrouvez ici toutes les publications de La Province du Maine, leur histoire, et l&rsquo;actualit\u00e9 de la soci\u00e9t\u00e9.<\/mark><\/h3>\n\n\n\n<div class=\"wp-block-buttons alignwide is-content-justification-center is-layout-flex wp-container-core-buttons-is-layout-a89b3969 wp-block-buttons-is-layout-flex\">\n<div class=\"wp-block-button has-custom-font-size\" style=\"font-size:20px\"><a class=\"wp-block-button__link has-ast-global-color-5-color has-text-color has-text-align-center wp-element-button\" href=\"http:\/\/laprovincedumaine.fr\/index.php\/category\/annonces\/\" style=\"padding-top:var(--wp--preset--spacing--40);padding-right:var(--wp--preset--spacing--40);padding-bottom:var(--wp--preset--spacing--40);padding-left:var(--wp--preset--spacing--40)\">Annonces<\/a><\/div>\n\n\n\n<div class=\"wp-block-button has-custom-font-size\" style=\"font-size:20px\"><a class=\"wp-block-button__link has-ast-global-color-5-color has-text-color wp-element-button\" href=\"http:\/\/laprovincedumaine.fr\/index.php\/archives-historiques-du-maine\/\" style=\"padding-top:var(--wp--preset--spacing--40);padding-right:var(--wp--preset--spacing--40);padding-bottom:var(--wp--preset--spacing--40);padding-left:var(--wp--preset--spacing--40)\">Archives Historiques du Maine<\/a><\/div>\n\n\n\n<div class=\"wp-block-button has-custom-font-size\" style=\"font-size:20px\"><a class=\"wp-block-button__link has-ast-global-color-5-color has-text-color wp-element-button\" href=\"http:\/\/laprovincedumaine.fr\/index.php\/colloques\/\" style=\"padding-top:var(--wp--preset--spacing--40);padding-right:var(--wp--preset--spacing--40);padding-bottom:var(--wp--preset--spacing--40);padding-left:var(--wp--preset--spacing--40)\">Colloques<\/a><\/div>\n\n\n\n<div class=\"wp-block-button has-custom-font-size\" style=\"font-size:20px\"><a class=\"wp-block-button__link has-ast-global-color-5-color has-text-color wp-element-button\" href=\"http:\/\/laprovincedumaine.fr\/index.php\/category\/la-revue\/\" style=\"padding-top:var(--wp--preset--spacing--40);padding-right:var(--wp--preset--spacing--40);padding-bottom:var(--wp--preset--spacing--40);padding-left:var(--wp--preset--spacing--40)\">La Revue<\/a><\/div>\n\n\n\n<div class=\"wp-block-button has-custom-font-size is-style-fill\" style=\"font-size:20px\"><a class=\"wp-block-button__link has-ast-global-color-5-color has-text-color wp-element-button\" href=\"http:\/\/laprovincedumaine.fr\/index.php\/category\/oeuvre-du-trimestre\/\" style=\"padding-top:var(--wp--preset--spacing--40);padding-right:var(--wp--preset--spacing--40);padding-bottom:var(--wp--preset--spacing--40);padding-left:var(--wp--preset--spacing--40)\">\u0152uvre du trimestre de la Province du Maine<\/a><\/div>\n<\/div>\n<\/div>\n<\/div><\/div>\n","protected":false},"excerpt":{"rendered":"<p>Publication<\/p>\n","protected":false},"author":3,"featured_media":0,"parent":0,"menu_order":0,"comment_status":"closed","ping_status":"closed","template":"","meta":{"site-sidebar-layout":"default","site-content-layout":"default","ast-global-header-display":"","ast-banner-title-visibility":"","ast-main-header-display":"","ast-hfb-above-header-display":"","ast-hfb-below-header-display":"","ast-hfb-mobile-header-display":"","site-post-title":"disabled","ast-breadcrumbs-content":"","ast-featured-img":"","footer-sml-layout":"","theme-transparent-header-meta":"","adv-header-id-meta":"","stick-header-meta":"","header-above-stick-meta":"","header-main-stick-meta":"","header-below-stick-meta":"","footnotes":""},"class_list":["post-595","page","type-page","status-publish","hentry"],"aioseo_notices":[],"_links":{"self":[{"href":"https:\/\/laprovincedumaine.fr\/index.php\/wp-json\/wp\/v2\/pages\/595","targetHints":{"allow":["GET"]}}],"collection":[{"href":"https:\/\/laprovincedumaine.fr\/index.php\/wp-json\/wp\/v2\/pages"}],"about":[{"href":"https:\/\/laprovincedumaine.fr\/index.php\/wp-json\/wp\/v2\/types\/page"}],"author":[{"embeddable":true,"href":"https:\/\/laprovincedumaine.fr\/index.php\/wp-json\/wp\/v2\/users\/3"}],"replies":[{"embeddable":true,"href":"https:\/\/laprovincedumaine.fr\/index.php\/wp-json\/wp\/v2\/comments?post=595"}],"version-history":[{"count":43,"href":"https:\/\/laprovincedumaine.fr\/index.php\/wp-json\/wp\/v2\/pages\/595\/revisions"}],"predecessor-version":[{"id":849,"href":"https:\/\/laprovincedumaine.fr\/index.php\/wp-json\/wp\/v2\/pages\/595\/revisions\/849"}],"wp:attachment":[{"href":"https:\/\/laprovincedumaine.fr\/index.php\/wp-json\/wp\/v2\/media?parent=595"}],"curies":[{"name":"wp","href":"https:\/\/api.w.org\/{rel}","templated":true}]}}

<h1 class="wp-block-heading has-text-align-center">Publication</h1>



<div class="wp-block-cover alignfull" style="min-height:350px;aspect-ratio:unset;"><span aria-hidden="true" class="wp-block-cover__background has-ast-global-color-5-background-color has-background-dim-60 has-background-dim"></span><img loading="lazy" decoding="async" width="1000" height="748" class="wp-block-cover__image-background wp-image-793" alt="" src="https://laprovincedumaine.fr/wp-content/uploads/2023/09/page-de-livre-pour-page-publication-2-rotated-e1694684586174.jpg" style="object-position:50% 50%" data-object-fit="cover" data-object-position="50% 50%" srcset="https://laprovincedumaine.fr/wp-content/uploads/2023/09/page-de-livre-pour-page-publication-2-rotated-e1694684586174.jpg 1000w, https://laprovincedumaine.fr/wp-content/uploads/2023/09/page-de-livre-pour-page-publication-2-rotated-e1694684586174-300x224.jpg 300w, https://laprovincedumaine.fr/wp-content/uploads/2023/09/page-de-livre-pour-page-publication-2-rotated-e1694684586174-768x574.jpg 768w" sizes="auto, (max-width: 1000px) 100vw, 1000px" /><div class="wp-block-cover__inner-container is-layout-flow wp-block-cover-is-layout-flow">
<div class="inherit-container-width wp-block-group is-layout-constrained wp-block-group-is-layout-constrained">
<h3 class="wp-block-heading has-text-align-center"><mark style="background-color:rgba(0, 0, 0, 0)" class="has-inline-color has-ast-global-color-2-color">Retrouvez ici toutes les publications de La Province du Maine, leur histoire, et l&rsquo;actualité de la société.</mark></h3>



<div class="wp-block-buttons alignwide is-content-justification-center is-layout-flex wp-container-core-buttons-is-layout-a89b3969 wp-block-buttons-is-layout-flex">
<div class="wp-block-button has-custom-font-size" style="font-size:20px"><a class="wp-block-button__link has-ast-global-color-5-color has-text-color has-text-align-center wp-element-button" href="http://laprovincedumaine.fr/index.php/category/annonces/" style="padding-top:var(--wp--preset--spacing--40);padding-right:var(--wp--preset--spacing--40);padding-bottom:var(--wp--preset--spacing--40);padding-left:var(--wp--preset--spacing--40)">Annonces</a></div>



<div class="wp-block-button has-custom-font-size" style="font-size:20px"><a class="wp-block-button__link has-ast-global-color-5-color has-text-color wp-element-button" href="http://laprovincedumaine.fr/index.php/archives-historiques-du-maine/" style="padding-top:var(--wp--preset--spacing--40);padding-right:var(--wp--preset--spacing--40);padding-bottom:var(--wp--preset--spacing--40);padding-left:var(--wp--preset--spacing--40)">Archives Historiques du Maine</a></div>



<div class="wp-block-button has-custom-font-size" style="font-size:20px"><a class="wp-block-button__link has-ast-global-color-5-color has-text-color wp-element-button" href="http://laprovincedumaine.fr/index.php/colloques/" style="padding-top:var(--wp--preset--spacing--40);padding-right:var(--wp--preset--spacing--40);padding-bottom:var(--wp--preset--spacing--40);padding-left:var(--wp--preset--spacing--40)">Colloques</a></div>



<div class="wp-block-button has-custom-font-size" style="font-size:20px"><a class="wp-block-button__link has-ast-global-color-5-color has-text-color wp-element-button" href="http://laprovincedumaine.fr/index.php/category/la-revue/" style="padding-top:var(--wp--preset--spacing--40);padding-right:var(--wp--preset--spacing--40);padding-bottom:var(--wp--preset--spacing--40);padding-left:var(--wp--preset--spacing--40)">La Revue</a></div>



<div class="wp-block-button has-custom-font-size is-style-fill" style="font-size:20px"><a class="wp-block-button__link has-ast-global-color-5-color has-text-color wp-element-button" href="http://laprovincedumaine.fr/index.php/category/oeuvre-du-trimestre/" style="padding-top:var(--wp--preset--spacing--40);padding-right:var(--wp--preset--spacing--40);padding-bottom:var(--wp--preset--spacing--40);padding-left:var(--wp--preset--spacing--40)">Œuvre du trimestre de la Province du Maine</a></div>
</div>
</div>
</div></div>
